actor of 250 and 82375?
125
What is the highest common factor of 940 and 209560?
20
Calculate the greatest common divisor of 16780 and 2020.
20
What is the greatest common divisor of 982494 and 18?
18
Calculate the greatest common divisor of 193655 and 3465.
385
What is the highest common factor of 9916 and 4?
4
What is the greatest common factor of 254 and 973582?
254
What is the highest common divisor of 60 and 5274?
6
What is the greatest common factor of 2864 and 3441096?
1432
What is the highest common factor of 1007 and 471223?
53
What is the highest common factor of 11 and 83?
1
Calculate the highest common divisor of 33 and 60797.
11
What is the highest common factor of 609522 and 29?
29
What is the greatest common factor of 407943 and 29?
29
Calculate the greatest common factor of 1111 and 154.
11
What is the highest common divisor of 5060 and 68684?
44
Calculate the highest common factor of 9324 and 2436.
84
Calculate the greatest common divisor of 375 and 301200.
75
What is the highest common factor of 438 and 27521?
73
What is the greatest common factor of 126 and 3979269?
63
Calculate the highest common factor of 90068 and 26818.
506
What is the greatest common divisor of 488 and 6283?
61
What is the greatest common divisor of 49965 and 15?
15
Calculate the highest common divisor of 3051 and 76953.
339
Calculate the highest common divisor of 741390 and 585.
195
Calculate the greatest common factor of 18 and 4491.
9
Calculate the highest common factor of 178 and 863033.
89
What is the greatest common divisor of 3146 and 58526?
26
Calculate the greatest common factor of 35 and 131635.
35
What is the highest common divisor of 20459 and 287?
41
What is the highest common divisor of 1068 and 801?
267
Calculate the greatest common divisor of 63 and 567.
63
What is the greatest common factor of 87980 and 1840?
20
What is the greatest common factor of 58108 and 2587?
199
Calculate the highest common divisor of 696 and 5472.
24
Calculate the greatest common factor of 923 and 169.
13
What is the highest common divisor of 1424 and 511216?
1424
What is the highest common factor of 4708 and 2684?
44
What is the highest common factor of 2882 and 638?
22
Calculate the greatest common divisor of 144865 and 15.
5
What is the greatest common factor of 1104 and 4633488?
1104
Calculate the highest common factor of 28 and 10717.
7
Calculate the greatest common factor of 12149 and 24.
1
Calculate the greatest common divisor of 68 and 331636.
68
Calculate the greatest common factor of 15 and 3080490.
15
Calculate the greatest common factor of 64349 and 229.
229
What is the highest common divisor of 13019 and 280601?
277
Calculate the greatest common divisor of 147 and 1257095.
49
What is the highest common divisor of 809295 and 1956?
489
What is the greatest common factor of 9558 and 1416?
354
What is the highest common factor of 18676 and 348?
116
Calculate the highest common divisor of 2549349 and 1089.
1089
Calculate the highest common factor of 3920 and 234024.
392
What is the highest common divisor of 120354 and 78?
78
What is the greatest common factor of 114414 and 30?
6
Calculate the greatest common divisor of 7 and 988526.
7
What is the greatest common divisor of 34860 and 840?
420
What is the greatest common factor of 677472 and 40?
8
Calculate the greatest common factor of 646497 and 1044.
261
What is the greatest common divisor of 18480 and 74910?
330
Calculate the highest common factor of 13041 and 646254.
1449
What is the highest common factor of 273 and 852943?
91
Calculate the greatest common factor of 5831 and 1495235.
833
Calculate the greatest common factor of 2160 and 4000.
80
Calculate the greatest common divisor of 3030 and 18786.
606
Calculate the greatest common factor of 1070384 and 7.
7
Calculate the highest common factor of 7936 and 55056.
496
What is the greatest common factor of 9276 and 12?
12
What is the greatest common factor of 1848 and 1014024?
264
Calculate the highest common divisor of 469535 and 220.
55
Calculate the greatest common factor of 122179 and 187.
17
What is the greatest common factor of 2065 and 1121?
59
Calculate the greatest common factor of 689932 and 274.
274
Calculate the greatest common divisor of 130 and 2249.
13
Calculate the highest common divisor of 1702 and 65826.
46
What is the greatest common factor of 6052 and 10769?
89
What is the greatest common divisor of 68 and 461?
1
What is the greatest common factor of 8445 and 3495?
15
What is the greatest common divisor of 19965 and 120?
15
What is the greatest common factor of 22 and 150667?
11
What is the greatest common factor of 126 and 6636?
42
What is the highest common divisor of 12193 and 356?
89
Calculate the highest common factor of 67263 and 42.
21
What is the greatest common factor of 27 and 35103?
3
What is the highest common divisor of 261 and 21663?
261
What is the highest common factor of 46278 and 855?
9
Calculate the highest common divisor of 34 and 37298.
34
Calculate the greatest common divisor of 3040 and 48830.
190
What is the highest common factor of 260 and 150020?
260
What is the highest common divisor of 1824543 and 42?
21
Calculate the highest common divisor of 90 and 1385310.
30
What is the greatest common divisor of 10005 and 16491?
69
Calculate the highest common factor of 111 and 739075.
37
Calculate the highest common divisor of 173 and 279914.
173
What is the greatest common factor of 20 and 1593900?
20
What is the greatest common divisor of 723317 and 1623?
541
What is the highest common factor of 989 and 226711?
23
Calculate the highest common factor of 450699 and 57.
57
What is the greatest common divisor of 620 and 8380?
20
What is the greatest common factor of 348289 and 2391?
797
What is the greatest common factor of 36250 and 232?
58
Calculate the highest common factor of 3402 and 22032.
162
What is the greatest common divisor of 103038 and 2?
2
What is the greatest common factor of 149705 and 395?
395
Calculate the highest common divisor of 10580 and 1702.
46
Calculate the highest common factor of 1340180 and 20.
20
Calculate the greatest common factor of 2581463 and 31.
31
Calculate the highest common factor of 32305 and 377.
13
What is the highest common divisor of 4401 and 4509?
27
What is the greatest common factor of 19 and 86392?
1
Calculate the highest common factor of 7410 and 235980.
570
What is the highest common divisor of 150039 and 27?
27
Calculate the highest common divisor of 276 and 2793442.
46
Calculate the greatest common factor of 68 and 3166964.
68
Calculate the highest common divisor of 9320 and 220.
20
What is the highest common factor of 8700 and 863620?
580
Calculate the highest common factor of 125 and 4452125.
125
Calculate the greatest common factor of 45942 and 11076.
78
What is the highest common divisor of 29980 and 10280?
20
What is the greatest common divisor of 4180 and 1090?
10
What is the highest common factor of 176 and 24068?
44
Calculate the greatest common divisor of 97 and 78667.
97
Calculate the greatest common divisor of 2172 and 1370894.
362
Calculate the highest common divisor of 19985 and 1015.
35
Calculate the highest common factor of 2021 and 7181.
43
Calculate the highest common factor of 8 and 31248.
8
What is the greatest common factor of 25886 and 2924?
86
What is the highest common divisor of 303370 and 460?
230
Calculate the greatest common divisor of 234 and 113670.
18
What is the greatest common divisor of 456236 and 132?
44
What is the greatest common divisor of 72 and 357624?
72
Calculate the greatest common divisor of 8 and 11492.
4
Calculate the highest common factor of 6960 and 528.
48
What is the highest common factor of 1716678 and 566?
566
What is the highest common divisor of 1921728 and 320?
64
Calculate the greatest common factor of 86988 and 24.
12
Calculate the greatest common divisor of 470 and 6430.
10
What is the highest common factor of 2110 and 956885?
1055
Calculate the highest common factor of 138340 and 20.
20
Calculate the highest common factor of 132800 and 11952.
1328
What is the highest common factor of 774 and 630?
18
Calculate the highest common factor of 1632 and 88808.
136
Calculate the greatest common factor of 1275 and 